{"id":14,"date":"2021-10-06T06:28:07","date_gmt":"2021-10-06T04:28:07","guid":{"rendered":"http:\/\/www.memosis.it\/?page_id=14"},"modified":"2022-01-09T18:50:21","modified_gmt":"2022-01-09T17:50:21","slug":"chi-siamo","status":"publish","type":"page","link":"https:\/\/www.memosis.it\/index.php\/chi-siamo\/","title":{"rendered":"Chi siamo"},"content":{"rendered":"\n<div class=\"wp-block-media-text alignwide\" style=\"grid-template-columns:15% auto\"><figure class=\"wp-block-media-text__media\"><img src=\"http:\/\/www.memosis.it\/new\/wp-content\/uploads\/2021\/11\/favicon.png\" alt=\"\" class=\"wp-image-52 size-full\"\/><\/figure><div class=\"wp-block-media-text__content\">\n<h2 class=\"has-text-align-left\">M\u00e9mosis<br><em>Servizi per la cultura<\/em><\/h2>\n<\/div><\/div>\n\n\n\n<div style=\"height:55px\" aria-hidden=\"true\" class=\"wp-block-spacer\"><\/div>\n\n\n\n<div class=\"wp-block-columns\">\n<div class=\"wp-block-column\">\n<p class=\"has-headings-color has-text-color\"><meta charset=\"utf-8\">M\u00e9mosis \u00e8 una Societ\u00e0 che offre servizi nel settore dei beni culturali dal 1996, nata dalla volont\u00e0 di professionisti con esperienze di lavoro accumulate lungo percorsi individuali, convinti delle maggiori possibilit\u00e0 di intervento e di approfondimento offerte da un\u2019impresa collettiva.&nbsp; In campo archivistico e documentale la M\u00e9mosis ha consolidato nel corso degli anni l\u2019esperienza nelle tradizionali attivit\u00e0 di riordino, inventariazione e valorizzazione degli archivi storici e di deposito, sviluppando e approfondendo allo stesso tempo le recenti competenze necessarie per la gestione degli archivi correnti, dei flussi documentali e del protocollo informatico, e per la riorganizzazione del servizio archivistico attraverso la progettazione e realizzazione di nuove procedure di dematerializzazione documentale e la formazione del personale addetto presso gli Enti. Relativamente al tema dell\u2019outsourcing e della digitalizzazione del materiale archivistico e documentale in genere, la societ\u00e0 ha avviato da qualche anno una collaborazione con la Societ\u00e0 Microdisegno di Lodi.<\/p>\n<\/div>\n\n\n\n<div class=\"wp-block-column\">\n<p class=\"has-headings-color has-text-color\">In campo turistico e culturale la M\u00e9mosis ha consolidato nel corso degli anni, collaborando con il Comune e la Provincia di Lodi, l\u2019esperienza nelle tradizionali attivit\u00e0 di promozione e valorizzazione delle ricchezze del territorio, attraverso una serie di proposte rivolte a pubblici diversi, in grado di soddisfare differenti esigenze da quelle didattiche a quelle culturali e per il tempo libero.<\/p>\n\n\n\n<p class=\"has-headings-color has-text-color\">Come&nbsp; Impresa sociale M\u00e9mosis, negli ultimi anni, si \u00e8 impegnata nell&#8217;ideazione e nella stesura di progetti che abbiano valenza sociale e ricadute sul territorio in cui \u00e8 inserita. Per essere maggiormente efficaci, si sono strette relazioni con altri enti del Terzo settore, come il Movimento per la Lotta contro la Fame nel Mondo (MLFM), la Cooperativa sociale Famiglia Nuova, l&#8217;associazione Pierre e l&#8217;associazione Progetto Pretesto, oltre che con l&#8217;Ufficio di Piano di Lodi.<\/p>\n<\/div>\n<\/div>\n\n\n\n<div style=\"height:20px\" aria-hidden=\"true\" class=\"wp-block-spacer\"><\/div>\n\n\n\n<div class=\"wp-block-group alignfull has-sitebg-background-color has-background\"><div class=\"wp-block-group__inner-container\">\n<div class=\"wp-block-columns alignwide are-vertically-aligned-center\">\n<div class=\"wp-block-column\" style=\"flex-basis:50%\">\n<p class=\"has-text-color\" style=\"color:#000000;font-size:30px;line-height:1.1\"><strong>Cosa facciamo<\/strong><\/p>\n<\/div>\n\n\n\n<div class=\"wp-block-column\" style=\"flex-basis:50%\">\n<hr class=\"wp-block-separator has-text-color has-background has-sitetext-background-color has-sitetext-color is-style-wide\"\/>\n<\/div>\n<\/div>\n\n\n\n<div class=\"wp-block-columns alignwide\">\n<div class=\"wp-block-column\">\n<p class=\"has-accent-1-color has-text-color\"><strong><strong>SERVIZI PER LA VALORIZZAZIONE DEL PATRIMONIO STORICO, ARTISTICO E CULTURALE E AMBIENTALE<\/strong><\/strong><\/p>\n<\/div>\n\n\n\n<div class=\"wp-block-column\">\n<ul class=\"has-headings-color has-text-color\"><li>Progettazione di itinerari turistico-culturali e servizio visite guidate<\/li><li>Realizzazione di audioguide e audiolibri<\/li><li>Inventariazione e catalogazione del patrimonio artistico<\/li><li>Organizzazione di mostre<\/li><li>Ricerche storiche archivistiche e bibliografiche<\/li><li>Organizzazione di seminari e convegni&nbsp; <\/li><li>Produzione di mostre e percorsi tematici virtuali<\/li><li>Produzione editoriale di settore<\/li><\/ul>\n<\/div>\n\n\n\n<div class=\"wp-block-column\">\n<ul class=\"has-headings-color has-text-color\"><li>Realizzazione di registrazioni audio e video di interviste, convegni e conferenze<\/li><li>Registrazione audio musicali in studio e dal vivo<\/li><li>Riversamento digitale di supporti audio analogici (nastri magnetici, vinili, ecc.)<\/li><li>Creazione di archivi digitali e sonori<\/li><li>Attivit\u00e0 di promozione della lettura<\/li><li>Produzione di letture sceniche<\/li><\/ul>\n<\/div>\n<\/div>\n\n\n\n<div style=\"height:10px\" aria-hidden=\"true\" class=\"wp-block-spacer\"><\/div>\n<\/div><\/div>\n\n\n\n<div class=\"wp-block-group alignfull has-sitebg-background-color has-background\"><div class=\"wp-block-group__inner-container\">\n<div class=\"wp-block-columns alignwide\">\n<div class=\"wp-block-column\">\n<p class=\"has-accent-1-color has-text-color\"><strong>ARCHIVI<\/strong><\/p>\n<\/div>\n\n\n\n<div class=\"wp-block-column\">\n<ul class=\"has-headings-color has-text-color\"><li>Riordino di archivi storici, di deposito e correnti<\/li><li>Redazione di inventari ed elenchi di consistenza informatizzati<\/li><li>Record management e informatizzazione di dati, elaborazione di titolari e sistemi di indicizzazione<\/li><li>Selezione e scarto della documentazione<\/li><\/ul>\n<\/div>\n\n\n\n<div class=\"wp-block-column\">\n<ul class=\"has-headings-color has-text-color\"><li>Pianificazione di traslochi di archivi e ricollocazione razionale della documentazione<\/li><li>Guide tematiche e censimenti di fondi archivistici<\/li><li>Gestione e manutenzione di depositi d\u2019archivio<\/li><\/ul>\n<\/div>\n<\/div>\n\n\n\n<div style=\"height:10px\" aria-hidden=\"true\" class=\"wp-block-spacer\"><\/div>\n<\/div><\/div>\n\n\n\n<div class=\"wp-block-group alignfull has-sitebg-background-color has-background\"><div class=\"wp-block-group__inner-container\">\n<div class=\"wp-block-columns alignwide\">\n<div class=\"wp-block-column\">\n<p class=\"has-accent-1-color has-text-color\"><strong><strong>FORMAZIONE E ASSISTENZA ALLA GESTIONE DEI FLUSSI DOCUMENTALI<\/strong><\/strong><\/p>\n<\/div>\n\n\n\n<div class=\"wp-block-column\">\n<ul class=\"has-headings-color has-text-color\"><li>Consulenza per la gestione informatica dei flussi documentali e del protocollo informatico<\/li><li>Formazione e assistenza al personale addetto.&nbsp;&nbsp;<\/li><\/ul>\n<\/div>\n\n\n\n<div class=\"wp-block-column\">\n<ul class=\"has-headings-color has-text-color\"><li>Redazione del manuale di gestione e di documenti tecnici di supporto alla gestione documentale<\/li><\/ul>\n<\/div>\n<\/div>\n\n\n\n<div style=\"height:10px\" aria-hidden=\"true\" class=\"wp-block-spacer\"><\/div>\n<\/div><\/div>\n\n\n\n<div class=\"wp-block-group alignfull has-sitebg-background-color has-background\"><div class=\"wp-block-group__inner-container\">\n<div class=\"wp-block-columns alignwide\">\n<div class=\"wp-block-column\">\n<p class=\"has-accent-1-color has-text-color\"><strong><strong><strong>BIBLIOTECHE E CENTRI DI DOCUMENTAZIONE<\/strong><\/strong><\/strong><\/p>\n<\/div>\n\n\n\n<div class=\"wp-block-column\">\n<ul class=\"has-headings-color has-text-color\"><li>Catalogazione, soggettazione e classificazione del patrimonio librario<\/li><li>Informatizzazione di cataloghi cartacei <\/li><\/ul>\n<\/div>\n\n\n\n<div class=\"wp-block-column\">\n<ul class=\"has-headings-color has-text-color\"><li> Organizzazione e gestione di servizi sia interni che rivolti all\u2019utenza.<\/li><\/ul>\n<\/div>\n<\/div>\n\n\n\n<div style=\"height:10px\" aria-hidden=\"true\" class=\"wp-block-spacer\"><\/div>\n<\/div><\/div>\n\n\n\n<div class=\"wp-block-group alignfull has-sitebg-background-color has-background\"><div class=\"wp-block-group__inner-container\">\n<div class=\"wp-block-columns alignwide\">\n<div class=\"wp-block-column\" style=\"flex-basis:338px\">\n<p class=\"has-accent-1-color has-text-color\"><strong><strong><strong><strong>ATTIVIT\u00c0 DIDATTICO-EDUCATIVE E ATTIVIT\u00c0 SOCIO-CULTURALE<\/strong><\/strong><\/strong><\/strong><\/p>\n<\/div>\n\n\n\n<div class=\"wp-block-column\">\n<ul class=\"has-headings-color has-text-color\"><li>Progettazione e realizzazione di laboratori e attivit\u00e0 educative pensate sia per il contesto scolastico sia per biblioteche e musei, utilizzando una metodologia esperienziale e interattiva applicata ai pi\u00f9 diversi ambiti: arte, storia, natura e ambiente, cittadinanza attiva, pari opportunit\u00e0, promozione della lettura.<\/li><\/ul>\n<\/div>\n<\/div>\n\n\n\n<div style=\"height:50px\" aria-hidden=\"true\" class=\"wp-block-spacer\"><\/div>\n<\/div><\/div>\n\n\n\n<div class=\"wp-block-columns\">\n<div class=\"wp-block-column is-vertically-aligned-center\" style=\"flex-basis:33.33%\">\n<p class=\"has-headings-color has-text-color\" style=\"font-size:30px\"><strong>Contatti<\/strong><\/p>\n\n\n\n<p class=\"has-headings-color has-text-color\">Sede Fiscale: p.le Fiume 16 \u2013 26900 Lodi<br>Sede Operativa: via Garibaldi 69 \u2013 26900 Lodi<\/p>\n\n\n\n<p class=\"has-headings-color has-text-color\">N\u00b0 Albo cooperative A109065<br>Sezione cooperative a mutualit\u00e0 prevalente<br>P.I. e C.F. 11735540152<\/p>\n\n\n\n<p class=\"has-headings-color has-text-color\">Recapiti:<br><a href=\"tel:3358373618\">335.8373618<\/a><br><a href=\"tel:3358373618\">335.7754622<\/a><br><a href=\"mailto:memosis@memosis.it\">memosis@memosis.it<\/a><br><a href=\"mailto:memosis@pec.memosis.it\">memosis@pec.memosis.it<\/a><\/p>\n\n\n\n<p class=\"has-headings-color has-text-color\">C.C.I.A.A. di Lodi \u2013 1442163<br>Iscritta al Registro delle Imprese sociali<\/p>\n\n\n<div class=\"wp-block-coblocks-social wp-block-coblocks-social-profiles is-style-mask has-colors\" ><ul><li>\n\t\t\t\t\t<a href=\"https:\/\/www.facebook.com\/memosis.didattica\/\" class=\"wp-block-button__link wp-block-coblocks-social__button wp-block-coblocks-social__button--facebook     has-padding\" title=\"Facebook\" style=\"border-radius: 40px;\" target=\"_blank\" rel=\"noopener noreferrer\">\n\t\t\t\t\t\t<span class=\"wp-block-coblocks-social__icon\" style=\"height:28px;width: 28px;\"><\/span>\n\t\t\t\t\t\t<span class=\"wp-block-coblocks-social__text\">Facebook<\/span>\n\t\t\t\t\t<\/a>\n\t\t\t\t<\/li><\/ul><\/div><\/div>\n\n\n\n<div class=\"wp-block-column\" style=\"flex-basis:66.66%\">\t\t<div id=\"wpmapblock_0\" data-settings='{&quot;map_marker&quot;:[{&quot;lat&quot;:&quot;45.3116698&quot;,&quot;lng&quot;:&quot;9.5001194&quot;,&quot;title&quot;:&quot;Sede operativa&quot;,&quot;content&quot;:&quot;Via Garibaldi, 69 \\u2013 26900 Lodi&quot;,&quot;iconType&quot;:&quot;default&quot;,&quot;customIconUrl&quot;:&quot;&quot;,&quot;customIconWidth&quot;:&quot;25&quot;,&quot;customIconHeight&quot;:&quot;40&quot;}],&quot;map_zoom&quot;:&quot;17&quot;,&quot;scroll_wheel_zoom&quot;:false,&quot;map_type&quot;:&quot;GM&quot;,&quot;center_index&quot;:0}' class=\"wpmapblockrender\" style=\"\n\t\t\twidth: 100%;\n\t\t\theight: 640px;\n\t\t\"><\/div>\n        <\/div>\n<\/div>\n","protected":false},"excerpt":{"rendered":"<p>M\u00e9mosisServizi per la cultura M\u00e9mosis \u00e8 una Societ\u00e0 che offre servizi nel settore dei beni culturali dal 1996, nata dalla volont\u00e0 di professionisti con esperienze &hellip;<\/p>\n","protected":false},"author":1,"featured_media":18,"parent":0,"menu_order":0,"comment_status":"closed","ping_status":"closed","template":"","meta":{"_coblocks_attr":"","_coblocks_dimensions":"","_coblocks_responsive_height":"","_coblocks_accordion_ie_support":"","ghostkit_customizer_options":"","ghostkit_custom_css":"","ghostkit_custom_js_head":"","ghostkit_custom_js_foot":"","ghostkit_typography":""},"uagb_featured_image_src":{"full":["https:\/\/www.memosis.it\/new\/wp-content\/uploads\/2021\/10\/pexels-pixabay-51343-copia-scaled.jpeg",2560,1707,false],"thumbnail":["https:\/\/www.memosis.it\/new\/wp-content\/uploads\/2021\/10\/pexels-pixabay-51343-copia-150x150.jpeg",150,150,true],"medium":["https:\/\/www.memosis.it\/new\/wp-content\/uploads\/2021\/10\/pexels-pixabay-51343-copia-300x200.jpeg",300,200,true],"medium_large":["https:\/\/www.memosis.it\/new\/wp-content\/uploads\/2021\/10\/pexels-pixabay-51343-copia-768x512.jpeg",768,512,true],"large":["https:\/\/www.memosis.it\/new\/wp-content\/uploads\/2021\/10\/pexels-pixabay-51343-copia-1024x683.jpeg",1024,683,true],"1536x1536":["https:\/\/www.memosis.it\/new\/wp-content\/uploads\/2021\/10\/pexels-pixabay-51343-copia-1536x1024.jpeg",1536,1024,true],"2048x2048":["https:\/\/www.memosis.it\/new\/wp-content\/uploads\/2021\/10\/pexels-pixabay-51343-copia-2048x1365.jpeg",2048,1365,true],"post-thumbnail":["https:\/\/www.memosis.it\/new\/wp-content\/uploads\/2021\/10\/pexels-pixabay-51343-copia-421x281.jpeg",421,281,true],"bravada-featured":["https:\/\/www.memosis.it\/new\/wp-content\/uploads\/2021\/10\/pexels-pixabay-51343-copia-421x300.jpeg",421,300,true],"bravada-featured-lp":["https:\/\/www.memosis.it\/new\/wp-content\/uploads\/2021\/10\/pexels-pixabay-51343-copia-620x300.jpeg",620,300,true],"bravada-featured-half":["https:\/\/www.memosis.it\/new\/wp-content\/uploads\/2021\/10\/pexels-pixabay-51343-copia-800x300.jpeg",800,300,true],"bravada-featured-third":["https:\/\/www.memosis.it\/new\/wp-content\/uploads\/2021\/10\/pexels-pixabay-51343-copia-512x300.jpeg",512,300,true],"bravada-lpbox-1":["https:\/\/www.memosis.it\/new\/wp-content\/uploads\/2021\/10\/pexels-pixabay-51343-copia-310x250.jpeg",310,250,true],"bravada-lpbox-2":["https:\/\/www.memosis.it\/new\/wp-content\/uploads\/2021\/10\/pexels-pixabay-51343-copia-413x300.jpeg",413,300,true]},"uagb_author_info":{"display_name":"memosis21","author_link":"https:\/\/www.memosis.it\/index.php\/author\/memosis21\/"},"uagb_comment_info":0,"uagb_excerpt":"M\u00e9mosisServizi per la cultura M\u00e9mosis \u00e8 una Societ\u00e0 che offre servizi nel settore dei beni culturali dal 1996, nata dalla volont\u00e0 di professionisti con esperienze &hellip;","_links":{"self":[{"href":"https:\/\/www.memosis.it\/index.php\/wp-json\/wp\/v2\/pages\/14"}],"collection":[{"href":"https:\/\/www.memosis.it\/index.php\/wp-json\/wp\/v2\/pages"}],"about":[{"href":"https:\/\/www.memosis.it\/index.php\/wp-json\/wp\/v2\/types\/page"}],"author":[{"embeddable":true,"href":"https:\/\/www.memosis.it\/index.php\/wp-json\/wp\/v2\/users\/1"}],"replies":[{"embeddable":true,"href":"https:\/\/www.memosis.it\/index.php\/wp-json\/wp\/v2\/comments?post=14"}],"version-history":[{"count":39,"href":"https:\/\/www.memosis.it\/index.php\/wp-json\/wp\/v2\/pages\/14\/revisions"}],"predecessor-version":[{"id":429,"href":"https:\/\/www.memosis.it\/index.php\/wp-json\/wp\/v2\/pages\/14\/revisions\/429"}],"wp:featuredmedia":[{"embeddable":true,"href":"https:\/\/www.memosis.it\/index.php\/wp-json\/wp\/v2\/media\/18"}],"wp:attachment":[{"href":"https:\/\/www.memosis.it\/index.php\/wp-json\/wp\/v2\/media?parent=14"}],"curies":[{"name":"wp","href":"https:\/\/api.w.org\/{rel}","templated":true}]}}